m**2. Determine d(4).
-7
Let j(z) = -14*z + 15. Let c(o) = 5*o - 5. Let l = -16 - -24. Let p(d) = l*c(d) + 3*j(d). What is p(6)?
-7
Let w(x) = -x**3 + x**2 - x + 1. Let o(q) = -6*q**3 + 14*q**2 - 12*q - 6. Let n(v) = -o(v) + 5*w(v). Determine n(8).
3
Let p(o) = 2*o + 5. Suppose 2*c + 5 = -5. Determine p(c).
-5
Let u(q) = -q**3 + 4*q**2 + 5*q. Let w be u(5). Let n(m) = m - 7 + 11 + w*m + 0*m. Let r(i) = -2*i - 5. Let c be r(-4). Calculate n(c).
7
Suppose 4*d - 2*d = -5*x + 22, 3*d = 2*x - 5. Let s(f) = -d - 3*f + 7 - 4 + 5*f. Let a = -5 - -8. Calculate s(a).
8
Suppose -f - 12 = 2*f. Let y(x) = x**2 + 5*x + 4. What is y(f)?
0
Let j(c) be the third derivative of c**5/120 + c**4/8 + c**3/2 + c**2. Let o(m) be the first derivative of j(m). Calculate o(4).
7
Let d(p) be the second derivative of -p**6/360 + p**5/60 + p**4/8 - 2*p**3/3 + p. Let s(v) be the second derivative of d(v). Give s(3).
0
Let w(j) be the second derivative of j**6/720 + j**5/120 - j**4/12 + 7*j. Let s(q) be the third derivative of w(q). Calculate s(-1).
0
Suppose 0 = i + 5*s + 9, -5*i = -2*i + 5*s + 27. Let q(x) = 3 - x**2 - 10 + 4 - 9*x. Let d be q(i). Let k(m) = m**3 + 4*m**2 + 3*m + 4. Determine k(d).
4
Suppose -2*w + 0*w = 0. Let y = -5 - -3. Let k = y - w. Let o(b) = -2*b**2 - 2*b. Determine o(k).
-4
Let c(f) be the first derivative of -f**3/3 - f**2 - 3*f - 6. Determine c(-4).
-11
Let w(r) = 5*r - 2. Let x(d) be the third derivative of -13*d**4/12 + 5*d**3/3 - 3*d**2. Let k(t) = 16*w(t) + 3*x(t). What is k(4)?
6
Let u = -13 + 7. Let q = u + 1. Let b(c) = -6 + 5 - c - 8. Determine b(q).
-4
Let f(n) = n - 22. Let b(c) = 3*c - 65. Let u(w) = -6*b(w) + 17*f(w). Calculate u(8).
8
Let z(s) = -8*s**2 + 5*s - 2. Let c be z(1). Let j(h) = -h**3 - 6*h**2 - 6*h - 1. What is j(c)?
4
Let j(d) = d - 8. Suppose 8 = 2*y - 0. Let a = y + -10. Calculate j(a).
-14
Let x(b) = -7*b**2 - 5*b + 12. Let j(r) = 4*r**2 + 2*r - 6. Let o(f) = 5*j(f) + 3*x(f). Calculate o(-7).
-8
Let p = -1 - -1. Let u(r) = -r**3 - 2*r**2 - r - 2. Let s(f) = -3*f**3 - 5*f**2 - 3*f - 4. Let w(x) = 2*s(x) - 5*u(x). Give w(p).
2
Let o(w) be the first derivative of -w**4/4 + w**3 - 2*w - 8. Determine o(3).
-2
Let n(u) = 1. Let w(r) = -r - 2. Let b(x) = -n(x) + w(x). What is b(8)?
-11
Let q(w) = -w**2 - w. Let i(t) = -4*t**2 - 6*t + 2. Let y = 27 - 22. Let o(b) = y*q(b) - i(b). Give o(3).
-8
Let i(r) = -r + 9. Let o be i(6). Let q(z) = -4 + 5*z + 2*z - o*z - 5*z. Determine q(5).
-9
Let f(d) = -7*d + 3*d + 0*d**2 - 2*d**2 + d**2 + 2. Give f(-3).
5
Let g = 0 + -6. Let v = 7 + g. Let t(x) = -11*x**3 + x - 1. Calculate t(v).
-11
Let a be 2/6 + 17/3. Suppose 2*g + 20 = a*g. Suppose 0 = -3*c, -3*u - 5 = g*c + 4. Let k(d) = 2*d - 2. What is k(u)?
-8
Let l(t) = 2*t**3 + 23*t**2 - 17*t - 2. Let k(r) = r**3 + 11*r**2 - 8*r - 1. Let g(h) = 13*k(h) - 6*l(h). Let s be -2 + 3 - (6 - 0). Determine g(s).
9
Let j(c) = 4*c**2 - 8*c**2 + 5*c**2 + 9*c**2 - 1. Determine j(-1).
9
Let j(i) = -i - 1. Let x(n) = n**2 - n + 4. Let m(v) = -4*j(v) - x(v). What is m(6)?
-6
Let v(g) = -3*g - 3. Suppose -10*i + 13*i + 12 = 0. Calculate v(i).
9
Let q(a) = 4 + 2*a - 3*a - 5 + 0*a. Let h(l) = -2*l + 4. Let w(c) = h(c) + 3*q(c). Let b = -2 - -1. Give w(b).
6
Let x(h) = -26*h + 11 + 50*h - h**2 - 14*h. Calculate x(11).
0
Let h be ((-1)/(-2))/((-1)/(-4)). Let a = -53 - -113. Let c(x) = 26*x**2 + 1 - x**3 - a*x**2 + 35*x**2. Calculate c(h).
-3
Suppose 14 = 2*n - x - 3*x, 0 = -2*n - 2*x - 16. Let r(q) = -q**2 - q**2 + 4 + 0*q - q**3 + 3*q. Calculate r(n).
4
Suppose 2*f - f + 5*s = -21, -f = -2*s - 14. Let a(h) be the first derivative of -3*h**2/2 + 4*h + 2. Determine a(f).
-8
Let b(g) = -2*g**2 + 9*g + 10. Let p(j) = 10*j**2 + 2*j - 1. Let v be p(-1). Give b(v).
-25
Let c be (-1)/(-4) - (-22)/8. Suppose 22 = -c*w - 4*s, 4*s - 3 = -2*w - 23. Let v(t) = 5*t + 1. Give v(w).
-9
Suppose 0*k - 3*k + 108 = 0. Let f = -25 + k. Suppose -4*m + 3 = -2*m - w, -f = -4*m + 3*w. Let v(o) = o. Determine v(m).
-1
Let n(u) be the third derivative of -u**5/60 + 7*u**4/24 - u**3/2 + 9*u**2 - 3*u. Determine n(6).
3
Suppose 0 = 3*u + u. Suppose 6 = 2*d - u. Let o(s) be the first derivative of -s**4/4 + 4*s**3/3 - s**2 - 3*s + 64. Determine o(d).
0
Let q(d) be the third derivative of d**4/24 - d**2. Let g(t) = -t**2 - 7*t + 1. Let r be g(-5). Suppose n + 3*l = -3, -n - l - r = -4*n. Determine q(n).
3
Let c(v) = v**2 - 2. Let r(n) = n**2 + 4*n + 3. Let l(p) = 2*c(p) - r(p). Give l(5).
-2
Let w(v) = -v**2 - 9*v + 1. Let o(h) = 3*h**2 + 18*h - 1. Let f(a) = -2*o(a) - 5*w(a). Determine f(8).
5
Let u(x) = -x**3. Let r(b) = 6*b**3 + 8*b**2 - 2*b - 10. Let g(z) = r(z) + 5*u(z). Give g(-8).
6
Let m(k) be the second derivative of k**4/12 + 3*k**2/2 - 7*k. Determine m(0).
3
Let d be 0 - 6 - (-8 - -5). Let b(k) be the third derivative of 0 + 1/6*k**4 + 1/60*k**5 + 0*k + 2*k**2 - 1/6*k**3. Determine b(d).
-4
Let k(t) be the third derivative of -t**5/30 + 3*t**4/8 - t**3 + 4*t**2. Let j(i) = 4*i**2 - 19*i + 13. Let p(m) = -6*j(m) - 13*k(m). Calculate p(2).
2
Let i(t) = 2*t**2 + 2*t - 2. Let d(m) = -2*m**2 - 3*m + 2. Let f(w) = -2*d(w) - 3*i(w). Calculate f(-2).
-6
Let a(i) be the third derivative of i**5/60 - 5*i**4/24 + i**3 + 10*i**2 - 4. Let d(u) = -u**3 - 6*u**2 + 5. Let m be d(-6). What is a(m)?
6
Let z(w) be the second derivative of 1/3*w**4 + w - 2*w**2 + w**3 + 0 - 1/20*w**5. Give z(5).
1
Let s be (2*(-9)/12)/(5/(-10)). Let w(x) = -1 - 2*x - 3 + 0*x. Determine w(s).
-10
Let u(i) be the first derivative of -i**4/4 - i**2/2 + i - 3. Let w(f) = -f**3 - 2*f**2 + 2*f - 1. Let m(v) = 2*u(v) + w(v). Calculate m(-1).
2
Let b(v) = -42*v**3 + 43*v**3 - 3*v - 2 + v. Give b(-2).
-6
Let u(b) be the third derivative of -b**6/120 + b**5/60 - b**4/24 + 2*b**3 + 5*b**2. Determine u(0).
12
Suppose 2*c = -4*z + 114, c + 3*c + 110 = 5*z. Let s(i) = 3*i + 0*i + z - 26. Determine s(-1).
-3
Suppose 3*r - l - l = -4, -r + 4*l = 8. Let w(o) = 3*o + 2 + r - 4*o - 6*o. Determine w(2).
-12
Let o be (-8)/(-3) - (-2)/6 - 12. Let c(l) = l**2 + 10*l + 11. What is c(o)?
2
Let o(b) be the second derivative of b**7/840 - b**6/360 + b**5/60 - b**4/8 + b**3/3 - 2*b. Let l(v) be the second derivative of o(v). Give l(2).
5
Let k(b) be the third derivative of b**4/4 + 3*b**2. Let i = 0 - -1. Suppose 4*o + 5 - i = 0. Calculate k(o).
-6
Let i(b) = 0*b - 4 + 6 - b + 2*b. Determine i(-3).
-1
Let i(z) = -11 + z**3 + 3*z**2 + 2*z**2 + 6 - 2*z**3. Determine i(5).
-5
Suppose 0*c = -5*v + 2*c + 25, -5*v = 3*c. Let d(f) = -f**3 + 4*f**2 + 10 - 3*f**2 + v - f - 3. Determine d(0).
10
Suppose -3*g + k = -3*k - 26, 4*g = 2*k + 18. Let c be 6/(-15) - (-34)/10. Let v(b) = 2*b - b**g - b - 3 - b**c - 1. Calculate v(0).
-4
Let q(u) = -u**3 + 3*u**2 + 3*u + 4. Let a be q(4). Suppose t + 2*t = a. Let h(j) = -j**3 + j**2 - j - 7. Determine h(t).
-7
Let h = 48 + -52. Let x(v) = -v**3 - 3*v**2 + 2*v - 3. Give x(h).
5
Let q(r) = r**3 + 7*r**2 + 5*r + 2. Let i be 33/55 + 2/5. Let b(s) = -7*s**2 + s. Let z be b(i). Give q(z).
8
Let p(r) be the second derivative of r**5/20 - r**4/12 - r**3/2 - 3*r**2/2 + 46*r. Give p(3).
6
Let m(s) = s**3 + 4*s**2 - 5*s - 6. Suppose 2*g + 5 + 10 = -l, 5*g = 5*l. Calculate m(l).
-6
Let v = 8 - 5. Let j(x) be the second derivative of 0 + 1/3*x**v - x - x**2 - 1/12*x**4. Determine j(2).
-2
Let z(j) be the first derivative of j**4/4 + 7*j**3/3 - 7*j**2/2 + 1. What is z(-8)?
-8
Let y(g) be the third derivative of -g**6/120 + g**5/60 + 17*g**2. Determine y(2).
-4
Let m(z) = 6*z**3 - 2*z**2 + 4*z - 5*z - 5*z**3 - 4. Calculate m(3).
2
Let l = 13 - 9. Let r(x) = -5*x - 1 + x + x**2 - 4. Determine r(l).
-5
Let i(d) = -10*d + 6. Let j be i(-6). Suppose 2*l + 3*z - j = -3*l, 15 = -5*z. Suppose 6*p - p = -l. Let a(x) = -x**3 - 4*x**2 - 4*x + 1. What is a(p)?
4
Let t(o) = o**3 - 3*o**2 - 5*o - 2. Let c be (-84)/(-18) + (-2)/3. Determine t(c).
-6
Let x(f) = 6*f**2 - 7*f**2 - f + 0*f + 14*f**3 - f**2. What is x(-1)?
-15
Let k(w) = w**3 - w**2 + w. Suppose -4*c + 8*c - 4 = 0. What is k(c)?
1
Let f(z) = z**2 - 5*z + 3. Let a = 16 + -13. Determine f(a).
-3
Let z(h) = h - 3. Suppose -4*r = 4*l - 20, 3*r + 2*l = 3*l + 11. Let j be z(r). Let m(u) = u**2. Calculate m(j).
1
Let r be 6 - (0 + (1 - -2)). Let q(n) be the third derivative of -